{"id":821,"date":"2024-01-29T10:16:42","date_gmt":"2024-01-29T10:16:42","guid":{"rendered":"https:\/\/nyolcesfel.hu\/?post_type=event&#038;p=821"},"modified":"2024-01-29T10:19:07","modified_gmt":"2024-01-29T10:19:07","slug":"eltek-mig-meg-nem-haltak-csoportos-kiallitas","status":"publish","type":"event","link":"https:\/\/nyolcesfel.hu\/en\/event\/eltek-mig-meg-nem-haltak-csoportos-kiallitas\/","title":{"rendered":"\u00c9ltek, m\u00edg meg nem haltak | Csoportos ki\u00e1ll\u00edt\u00e1s"},"content":{"rendered":"","protected":false},"featured_media":820,"template":"","class_list":["post-821","event","type-event","status-publish","has-post-thumbnail","hentry"],"acf":[],"_links":{"self":[{"href":"https:\/\/nyolcesfel.hu\/en\/wp-json\/wp\/v2\/event\/821","targetHints":{"allow":["GET"]}}],"collection":[{"href":"https:\/\/nyolcesfel.hu\/en\/wp-json\/wp\/v2\/event"}],"about":[{"href":"https:\/\/nyolcesfel.hu\/en\/wp-json\/wp\/v2\/types\/event"}],"wp:featuredmedia":[{"embeddable":true,"href":"https:\/\/nyolcesfel.hu\/en\/wp-json\/wp\/v2\/media\/820"}],"wp:attachment":[{"href":"https:\/\/nyolcesfel.hu\/en\/wp-json\/wp\/v2\/media?parent=821"}],"curies":[{"name":"wp","href":"https:\/\/api.w.org\/{rel}","templated":true}]}}

Éltek, míg meg nem haltak | Csoportos kiállítás
